- 41. Is t prime?
False
Let q = -4 - -13. Let s = -35 - -14. Is ((-21)/q)/(1/s) composite?
True
Let n = 13 - 8. Suppose 0 = v + n*u - 1, -2*v + u = -3*u - 2. Is (-14)/(v - 2) - 1 composite?
False
Suppose 756 = -4*k - 0*k. Let s = -115 - k. Is s composite?
True
Let d = -6 - -4. Let y be ((-34)/(-3))/(d/6). Let m = 60 + y. Is m a prime number?
False
Suppose 4*c - 6*c = 4*a - 24, -4*a = -20. Suppose -5*s + 15 = -c*s. Suppose 2*w + 108 = -2*y + 4*y, 36 = y + s*w. Is y composite?
True
Let d be ((-5)/2)/(-5)*-2. Let u be (21/(-6))/(d/(-4)). Is (u/(-4))/(3/6) a composite number?
False
Let t(v) be the third derivative of 3*v**4/8 + 5*v**3/2 + 6*v**2. Is t(12) a prime number?
False
Let a be 123*(8/4 + 3). Suppose -8*v = -11*v + a. Is v a composite number?
True
Suppose 3999 = -5*k - 2*i, 3*k - i + 1682 = -713. Let a = 1257 + k. Suppose -2*q + 2*h + 232 = 0, 0 = 4*q + h - 3*h - a. Is q a prime number?
True
Suppose -132 = 2*n - 1090. Is n a composite number?
False
Suppose -5 = 2*z - p, -z + p + 3 = 8. Suppose z*l - 159 = -3*l. Is l a composite number?
False
Let w(i) = 40*i + 10. Let g(r) = -39*r - 10. Let v(a) = -5*g(a) - 6*w(a). Is v(-5) prime?
False
Suppose -3*j + 25 = -8*j, 0 = -4*o + 5*j + 17. Is (o/(-4))/(7/4172) a composite number?
True
Suppose 5*t - 24 - 101 = 0. Suppose -t - 20 = -w. Suppose -4*v - 200 = -3*y - y, y = -4*v + w. Is y a prime number?
False
Let a(r) = -r**3 - 5*r**2 + 15*r - 59. Is a(-15) prime?
False
Let a(v) = 36*v + 21. Let r(l) = -l - 1. Let h(z) = -a(z) - 18*r(z). Let m be h(-4). Suppose t = -4 + m. Is t composite?
True
Let x(c) = -2 + 0*c + 7*c + c**2 + 0. Let w be x(-7). Is (-3)/((-3)/2) - w a composite number?
True
Let i(s) = 9*s**3 - 3*s**2 + s + 1. Let d be i(2). Suppose -2*f = -d - 67. Suppose 3*p = -2*p + f. Is p a composite number?
False
Let g(t) = -t**2 + 5*t + 5. Let q be g(5). Suppose -q*z = -19 + 54. Let m(v) = -2*v. Is m(z) a prime number?
False
Suppose -h - f - 2*f = 11, 4*f + 32 = 3*h. Let k = h - 8. Let y = k - -14. Is y composite?
True
Is 164/3 - 7/(-21) composite?
True
Suppose 7*w = 805 + 672. Is w a prime number?
True
Let j(t) = -3 - 5*t**2 - 2 - t + t**3 + 0. Let g be j(5). Let n = 69 + g. Is n a composite number?
False
Suppose 5 + 3 = 4*j. Let s be (-742)/(-5) + j/(-5). Suppose d - s = -3*d. Is d prime?
True
Suppose -19 = 3*i - 4*i. Let x = -13 - i. Let c = x + 55. Is c a prime number?
True
Let q = 83 - 51. Suppose -o + 4*t = -q, -2*o - 4*t + 2*t = -104. Suppose -o = -2*f + 22. Is f composite?
True
Suppose -u + 5*j + 3 = 0, 3*j + 12 = 4*u + j. Is u prime?
True
Is 1/(16/7180) - 1/(-4) composite?
False
Let j(m) = m**2 - 5*m + 4. Let t be j(5). Is 2/t - (-116)/8 composite?
True
Is 8/(-10) + 1 - (-1136)/20 prime?
False
Let a(n) = 61*n + 5. Is a(2) a composite number?
False
Suppose -2*y = y + 111. Let v = -14 - y. Let f = 142 - v. Is f a composite number?
True
Let n(i) be the third derivative of i**6/40 + i**5/30 - i**4/8 + i**3/3 + 3*i**2. Let b be n(2). Suppose -b = -g + 27. Is g composite?
True
Let v = 270 - 126. Suppose 2*p + 4*j - 84 = 0, 2*j = -2*p - 2*p + v. Suppose -2*u = -16 - p. Is u a composite number?
True
Suppose -3*r + 8 = -4*r. Let w(i) = i**3 + 8*i**2 - 8*i + 9. Let t be w(r). Suppose -3*o + t = 2*n - 4*n, -4*n = 20. Is o a prime number?
False
Suppose -2*q - q = 534. Let j = -121 - q. Is j a prime number?
False
Suppose 2*v + v - 1289 = -5*r, 0 = 4*r + v - 1034. Is r prime?
False
Let z(y) = -11*y - 6 + 0*y - y**2 + 2*y**2. Let b be z(5). Let m = 1 - b. Is m a composite number?
False
Let o(r) = -r**2 + 5*r + 2. Let h be o(5). Suppose -2*g - h*k = -20 + 4, -2*g = k - 14. Is g a composite number?
True
Suppose -v = 5*f - 162 - 31, -2*f + 68 = 5*v. Is f prime?
False
Is (62/8)/((-1)/(-4)) prime?
True
Let y(f) = -51*f + 53. Is y(-11) a prime number?
False
Let j be 1 - (-3 - -2)/(-1). Let w(f) = f - 1. Let v be w(6). Suppose v*h = 2*c + 175, j = -4*h + 3*c - 2*c + 143. Is h prime?
True
Let y be (-4)/18 + (-76)/(-18). Suppose -2*h - 5*r = -h + 42, 0 = y*h + 2*r + 132. Let g = h - -121. Is g prime?
True
Suppose -36*l + 41*l = 1505. Is l prime?
False
Let p = 56 - 2. Suppose -3*q = -9 - p. Is q composite?
True
Suppose 9*s + 2524 = 13*s. Is s prime?
True
Let m be ((-2)/8)/((-3)/(-16))*-3. Suppose -6*f = 2*d - 2*f, 4*f = -12. Suppose m*k = -j + 79, -k + 79 = j - d*k. Is j a composite number?
False
Let v = -4 + -1. Let p be 8/(-20) - 27/v. Suppose -15 + p = -t. Is t composite?
True
Suppose 0*a + 2*a + l - 9 = 0, 15 = 5*l. Let h be (2 - 1)*1 + 2. Is 89/(a/(0 + h)) composite?
False
Suppose -2*p + 10 = 3*f + 23, -p - 11 = 3*f. Is p*(-1)/(-2)*-59 a composite number?
False
Suppose -v = 3*v - 8, -2*d - 4*v + 164 = 0. Let k = d - 32. Is k a prime number?
False
Suppose -2*t = -0*t. Let b(a) = a**3 + a**2 - 3*a - 1. Let n be b(4). Suppose t*z - z + n = 0. Is z composite?
False
Suppose -2*h + 4*r + 6 = 9*r, -9 = -3*h - 3*r. Suppose -d = h*u + 9, 5*d + u - 4*u = 9. Suppose 29 = 5*q + 3*j, d*q - 2*q + 6 = 4*j. Is q composite?
False
Suppose o - 51 = 4*j, o = -0*o - j + 31. Is o a composite number?
True
Suppose 0 = 16*s - 14*s - 4642. Is s a prime number?
False
Suppose k = 2*w + 3*k + 82, 0 = 5*w + 4*k + 208. Suppose 0 = -2*c - 5*f + 144, 3*c - 3*f - 191 = 2*f. Let p = c + w. Is p prime?
True
Let q(b) = 3*b**3 - 2*b + 1. Let a be q(1). Suppose g - 7 = -a*r - 2*g, 4*g + 20 = 0. Is r a composite number?
False
Let w(p) = p - 46. Let r be w(0). Let z = -132 - -138. Is 7*-3*r/z prime?
False
Let u(y) be the second derivative of y**7/1260 + y**6/720 - y**4/4 - 3*y. Let o(f) be the third derivative of u(f). Is o(-3) a composite number?
True
Suppose 0 = 5*l + 3*y - 3870, -6*l - y + 3860 = -l. Is l a prime number?
False
Suppose 0 = -2*k + 7*k - 10. Suppose 3*t - 169 = k*x, -3*t + 5*x + 275 = 2*t. Is t prime?
True
Suppose j + 3024 = 2*z - j, 2*z - 3*j = 3029. Is z prime?
False
Let o(k) be the first derivative of -3*k + 1 - 3/2*k**2 + 5/3*k**3. Is o(3) composite?
True
Let d(m) be the first derivative of -m**2/2 - 2*m + 2. Let i be d(-7). Suppose -p - 2*r + 27 = 0, -3*p - 2*r = -i - 92. Is p prime?
False
Let r(q) = q**3 + q**2 + q + 2. Let x be r(0). Suppose 3*c - 4*u = 3 + 48, 59 = 5*c + x*u. Is c prime?
True
Let v = 156 - 74. Let m(b) = 2*b + 3. Let f be m(-5). Let r = v - f. Is r composite?
False
Let c = 1451 - 66. Let y = c - 741. Suppose 72 = -4*t + y. Is t prime?
False
Let w be 36/8*(-32)/(-3). Let l = 266 + w. Is l prime?
False
Let g = 7 + -3. Let h = -1 + g. Is h composite?
False
Suppose -4*y + 17 = m, -19 = -3*m - 4*y - 0. Is 308 + (-1 - (-1 + m)) prime?
True
Suppose -2*o = -o. Is (0 + 5)*(o - -13) prime?
False
Let f(l) = 141*l - 2. Is f(1) prime?
True
Let m = 2 - -43. Is -3*5/(m/(-354)) a prime number?
False
Suppose -q + 493 = -3*i, -q + 4*i - 3*i = -497. Is q a composite number?
False
Let z be 281*1 + (1 - 1). Let i be (-852)/10*(3 - 8). Let n = i - z. Is n composite?
True
Suppose 2*w - 496 = 1282. Is w a composite number?
True
Is ((2 - 0)/(-4))/((-10)/5020) prime?
True
Suppose h = 4*o + 13, 0*o - o = -4*h + 22. Suppose -6*n + 21 = -h*n. Is n composite?
True
Is (-2126)/(-3) + 3/9 a prime number?
True
Suppose 6696 - 1641 = 5*p. Let v = p + -458. Is v a composite number?
True
Suppose -3*v + v = -1192. Suppose 0 = -4*i - 4 + v. Suppose -8*u = -4*u - i. Is u a composite number?
False
Suppose 5*s = 3*z + 10, 5*z + 4 = 2*s - 0*z. Let q = 4 - s. Suppose 2*k + 64 = 2*y + 4*k, -q*k = y - 27. Is y composite?
False
Let q = 0 + 1. Let l = q - 7. Let r(f) = -4*f + 7. Is r(l) a composite number?
False
Suppose -2*b + 13 = -i, b + 3 = -3*i - 1. Suppose -3*l + 607 = 2*t, -3*l + b*l + 2 = 0. Is t prime?
False
Suppose 0 = 2*r + 24 - 104. Let o = -101 + r. Let p = o - -152. Is p a composite number?
True
Is 2/5 - 5265/(-25) a prime number?
True
Let g = -48 + 387. Let p = 8 - 0. Suppose -4*r = p*d - 3*d - g, -4*d + 269 = r. Is d prime?
True
Suppose -4*y + 0*y = -16. Suppose y*v = 3*v + 68. Suppose 3*s - 267 = -4*u, 108 + v = 2*s + 2*u. Is s composite?
True
Let c(y) = -2 + 2 - 30*y - 7. Suppose -h - 4*h - 25 = 0. Is c(h) composite?
True
Let l = 381 - 250. Is l prime?
True
Let c be 0/(3/(-3) + 0). Suppose 3*a + 5*g + 115 = 0, -4*a + c*g - 2*g = 130. Is (-1)/(-6) + (-925)/a a prime number?
True
Suppose 0 = 4*a - a - 4677. Is a a prime number?
True
